= 3*g + 728 - 977. What is the units digit of g?
3
Suppose 5*a = -2*q + 9722 + 2088, 4*q + 11810 = 5*a. What is the hundreds digit of a?
3
Let r be (-8476)/(-39)*(-3)/2. Let d = -111 - r. What is the units digit of d?
5
Let l(m) = -40*m**3 - m**2. Let o be l(-1). Suppose 5*f - 54 = 2*a, -3*f - 3*a = -2*a - o. What is the units digit of f/(-8)*28/(-6)?
7
Let l be (48/(-30))/(6/(-75)). Suppose 172 = -2*z + l. Let m = 131 + z. What is the tens digit of m?
5
Let t(n) = -37*n**3 - 6*n**2 + 96*n + 408. What is the hundreds digit of t(-4)?
2
Let x = -1 - -3. Suppose -x*h = -26 - 42. Suppose 3*o + l - 37 = -l, -h = -o - 5*l. What is the units digit of o?
9
Let z be (4/10 - 0)*5. Suppose -y - 6*m = -3*m - 9, m + 32 = z*y. What is the units digit of y?
5
Suppose -3*x + 174 = -3*u, 2*x - 176 = 3*u - 0*x. Let g = -37 - u. What is the tens digit of g?
2
Let n = 75 + -65. Suppose -n*h + 308 = h. What is the tens digit of h?
2
Let w(h) = -h**3 - 4*h**2 - 7*h - 6. Let r be w(-8). Let n = r + -176. What is the hundreds digit of n?
1
What is the units digit of -4 + 1268/4 + -2 + 0?
1
Suppose 0 = -10*b + 16592 + 3128. What is the thousands digit of b?
1
Suppose 0 = -4*q - 4, 3125 = 5*z + 4*q + q. What is the tens digit of z?
2
Suppose 0 = -4*h - 16 + 544. Let k be 2/11 + 212/44. Suppose -2*t + 150 = t + a, 0 = 3*t - k*a - h. What is the units digit of t?
9
Suppose -1 + 3 = 2*f. Let a(r) = -4*r**2 + 1. Let o be a(-2). What is the units digit of (-70)/o*(4 - f)?
4
Suppose -2*d + 50 = 3*d. What is the units digit of d + 2 + -3 + -1?
8
Suppose -4*g - 8 = 0, -36*q + 33*q + 2473 = g. What is the hundreds digit of q?
8
Let t = -317 + 562. Suppose 61 = x - 5*f, 9*x + 5*f = 4*x + t. Let m = 100 - x. What is the tens digit of m?
4
Suppose 0 = -3*b + b - 4. Let a(h) = -5 + 6 - 3*h**3 + 2*h**2 + 0*h + 2*h. What is the tens digit of a(b)?
2
Let x(r) = -16*r - 85. What is the units digit of x(-25)?
5
Suppose -2*f - 3*f - 45 = 0. What is the hundreds digit of (24/f)/(-2)*(-498)/(-4)?
1
Suppose 37*n = 19*n + 10854. What is the hundreds digit of n?
6
Let p = 89 + -96. Let b(l) = -l**2 - 13*l + 14. What is the units digit of b(p)?
6
What is the thousands digit of 8/(-36) + (-116)/(-36) - -2035?
2
Let m = 6 + -35. Let h = -18 - m. What is the tens digit of h?
1
Let t = 73 - 150. Let c = 104 - t. What is the hundreds digit of c?
1
Suppose -c + 5*u = -707, -2*c - 211 = -2*u - 1585. What is the tens digit of c?
8
Suppose -5*h + h = -4424. What is the thousands digit of h?
1
Let i be (-2)/(1*-2)*(19 - 16). Suppose -564 = -7*k + i*k. What is the tens digit of k?
4
Let s = -183 - -192. What is the units digit of s?
9
Suppose i + 4*i = 0. Suppose 0 = 6*w - i*w - 18. Suppose 0*t + n - 115 = -4*t, w*n = -3*t + 93. What is the units digit of t?
8
Let f(u) = 34*u**2 - 10*u + 13. What is the units digit of f(-4)?
7
Suppose 4*i = 9*i - 20. Suppose i*f = t + 230, f = -3*t + 16 + 48. Let k = -31 + f. What is the tens digit of k?
2
Let b(y) = 10*y + 9. Suppose 3*c = -5*c + 48. What is the units digit of b(c)?
9
What is the hundreds digit of (-3574)/(-8) - 1/(-4)?
4
What is the tens digit of 1/(3/(-141))*581/(-7)?
0
Let w(t) = 11*t**2 + 8*t + 37. Let j be w(-6). Let v = 66 + 11. Suppose m - v = -k, 5*k = m - 2*m + j. What is the tens digit of k?
7
Suppose 46*q = 36*q. Let i(n) = 3*n - 4*n + 0*n + 15. What is the tens digit of i(q)?
1
Let q = 9 + -1. Suppose -3*h - 70 = -q*h. What is the units digit of h?
4
Let b be 4/(-18) + (2432/(-72))/(-8). Suppose 752 = b*p - 0*p. What is the tens digit of p?
8
Let y be -20 - (-12)/(-4) - (1 + 2). Suppose 85 = -5*n + 2*x - 297, 147 = -2*n - 5*x. Let z = y - n. What is the tens digit of z?
5
What is the hundreds digit of 8/(((-98)/1337)/(-7))?
7
Let f be 2/(-10) + (-1)/(-5). Suppose f = -3*t - t + 28. Suppose -20 = -8*k + t*k. What is the units digit of k?
0
Suppose 0 = -2*g, 5*g - 4*g = 3*c - 252. What is the units digit of c?
4
Let t(p) = 13*p + 22 - 19 - 19 - 31. What is the hundreds digit of t(18)?
1
Let c(d) = -7*d**2 + 8*d - 4. Let v(m) = 20*m**2 - 23*m + 12. Let k(g) = -17*c(g) - 6*v(g). Let h be k(-4). Let j = h + 51. What is the units digit of j?
3
Let p(t) be the first derivative of 3*t**2 - 2*t - 1. Let q be (2/(-6))/(5/(-15)). What is the units digit of p(q)?
4
Let b = 2429 + -1913. What is the hundreds digit of b?
5
Let f(b) = b**3 - 8*b**2 - 2*b + 1. Let m be f(9). Suppose 2*x = 6*x - m. Suppose 4 = 5*s + 4*u, 2*s + 4 - x = u. What is the units digit of s?
4
Suppose 3*h - 3*x = 63, 4*h + 0*x - 78 = 2*x. What is the tens digit of (-1*h)/2*(-5 - 5)?
9
Let j(d) = 4*d + 7 - 2*d - 2*d + 9*d**2. Let u be j(-5). What is the tens digit of u/20*15/6?
2
Let z(u) = -9*u**3 - 5*u**2 + 11*u + 42. What is the tens digit of z(-4)?
9
Suppose s + 3*o - 94 = 0, 3*o + 2 = 2*o. What is the units digit of (0 - 1) + (-7)/((-14)/s)?
9
Let f = -1841 + 2889. What is the hundreds digit of f?
0
Suppose 4*i + 3 = -2*l - 1, 2*l - 5*i - 14 = 0. Let h be 100/36 + l/9. Suppose d + 2*d = c + 43, 0 = 3*c + h. What is the units digit of d?
4
Let n(v) = v**2 + 2*v + 19. Let z be n(-17). What is the units digit of (-5)/(-30)*z + (-2)/(-6)?
6
Let u(v) = 24*v**2 + 20*v - 264. What is the units digit of u(13)?
2
Let v(k) = k**2 - 1. Let u(h) = 2*h**2 + h + 2. Let t(m) = u(m) + 2*v(m). Let j be 1 - 0 - 6/(-6). What is the units digit of t(j)?
8
Let g = 529 - 238. What is the units digit of g?
1
Let j(u) = -3*u - 10. Let h be j(5). Suppose -5*p + k = 49 + 30, -5*p - 95 = -5*k. Let z = p - h. What is the units digit of z?
0
Suppose -774*g + 767*g = -6895. What is the tens digit of g?
8
Let y = 0 - -3. Suppose -5*s = -d + 16, y*d = -0*d + 2*s + 9. What is the units digit of (188/(-20) + d)*-5?
2
Suppose 5*p = 4*l + p + 140, 2*l + 80 = 4*p. Suppose -s = u + 4, 2*u - u = -3*s - 14. What is the units digit of u/((8/l)/(-4))?
5
Suppose -2*w = -5*a + 205, -5*w = -w + a + 355. Let b = w + 133. What is the tens digit of b?
4
Suppose 2*o - 129 = 11. Let w = o + -42. What is the units digit of w?
8
Let v = -40 + 47. Suppose -v*t + 106 = -552. What is the tens digit of t?
9
Suppose 19*z - 79524 = -28*z. What is the tens digit of z?
9
Let v = 79 + 472. What is the tens digit of v?
5
Let c(w) = -2*w**3 - w**2 + 25*w - 19. What is the units digit of c(-5)?
1
Suppose 5*c + 4*n - 26663 = 0, 5344 = c - 14*n + 11*n. What is the units digit of c?
5
Suppose -4*f - 3*s = -5700, -f + 4268 = 2*f + 4*s. Suppose -11*d + f = d. What is the tens digit of d?
1
Let q be 2 + (3 - 0 - 9). Let d(j) = j**3 + 4*j**2 - 2*j - 2. Let x(f) = f**2 - f + 1. Let c(h) = -d(h) + 2*x(h). What is the units digit of c(q)?
6
Suppose -22261 = -10*x + 6*x + i, -4*i = x - 5561. What is the thousands digit of x?
5
Suppose 4*q - 119 = -g + 291, -3*g - 402 = -4*q. What is the tens digit of q?
0
Suppose 8 = -2*j, 5*n = -0*n + 4*j + 5121. What is the units digit of n?
1
Let i(d) = -d**2 - 17*d + 4. Let h be i(-17). Suppose 0 = -4*x + 2*o + 132, 3*x + h*o = o + 90. What is the tens digit of x?
3
Let j(c) = -c**2 - 8*c + 5. Let k be j(-8). Suppose 0*u = -3*u, -k*z = 2*u. Suppose z = 4*y - 4*g - 4, 4*g = 2*y + 5*g - 5. What is the units digit of y?
2
Let u(z) = -692*z - 121. What is the units digit of u(-3)?
5
Let l = 222 + -42. Suppose -3*t - l = -948. What is the tens digit of t?
5
Suppose 132*m - 392 = 130*m. What is the tens digit of m?
9
Let c(h) = h**2 + h - 8. Let v be c(7). Let r = v - 29. What is the tens digit of r?
1
Suppose -m - l - 3*l - 16 = 0, -5*m = 2*l - 10. Suppose 5*b + 2*k - 174 = m*k, b - 40 = 3*k. What is the units digit of b?
4
What is the tens digit of 2080 - ((-4)/(-5) + (-12)/15)?
8
What is the hundreds digit of (-1 + (-3420)/35)*(8 - 15)?
6
Let w = -21 + 19. Let d(u) = 10*u**2 + 2*u + 3. What is the tens digit of d(w)?
3
Let d(i) = i - 17*i**3 + 4*i**2 - 5 + 18*i**3 - 3*i. Let o be d(-4). Suppose o*h - 7 - 44 = 0. What is the tens digit of h?
1
Let x be (-15)/(-6) + 12/(-8). What is the units digit of (371/(-28))/(x/(40/(-2)))?
5
Let t(z) = 3*z**2 - 10*z - 143. What is the tens digit of t(-23)?
7
Let i = -617 - -1673. What is the hundreds digit of i?
0
Let v = 38 - 36. What is the units digit of v*(23 - (5 - 4))?
4
Let z(o) = o**2 + 9*o + 17. What is the units digit of z(-35)?
7
Suppose 4*s + 2 = 2*g - 2, 6 = 4*s +